9) + 3. Suppose 3*y + w*b - 86 = 110, -b = -4. What is the highest common factor of y and 15?
15
Suppose 37*j = 22971 + 6407. What is the highest common divisor of 6 and j?
2
Suppose -61*t = -64*t + 90. Calculate the greatest common divisor of 186 and t.
6
Suppose -5*r + 1255 = 2*j - 5034, 3*j = -9*r + 9426. Calculate the greatest common divisor of 1309 and j.
77
Let i be ((-1)/(-2))/((-44)/88). Let q be ((-930)/(-24))/((-10)/(-8) + i). What is the greatest common factor of q and 31?
31
Let l be (-312)/((-6)/4 - 2*(-2)/(-8)). What is the greatest common divisor of 108 and l?
12
Suppose 7*c - 5029 = 3*m, 35 = 4*c + 4*m - 2793. Calculate the greatest common divisor of 1760 and c.
55
Let q(d) = d**3 + 18*d**2 + 4*d - 165. Let p be q(-15). Calculate the highest common factor of p and 550.
50
Suppose -3*q + 99 = -0*k - 3*k, -2*q - 78 = 2*k. Suppose -117 = 5*v + 168. Let o = k - v. Calculate the greatest common divisor of 7 and o.
7
Suppose g - s - 36 = 0, 5*g - 182 = -2*s + 5*s. Let n = 127 - g. What is the greatest common factor of 40 and n?
10
Let f = 18815 - 18779. What is the highest common factor of 1532 and f?
4
Let p(q) = -15*q**3 + 2*q**2 + 7*q + 5. Let n be 2 - (-20)/(-8) - (-2)/(-4). Let v be p(n). What is the greatest common divisor of v and 75?
15
Let w = 4721 - 4705. Calculate the highest common divisor of 2224 and w.
16
Let z(v) = v**2 + 13*v - 471. Let w be z(35). What is the highest common divisor of w and 837?
93
Let h = -2000 + 2364. Calculate the highest common divisor of 7 and h.
7
Suppose 5*k = -4*w - w + 7495, 5*k + w - 7507 = 0. Suppose -9*i + k = -793. What is the highest common divisor of 153 and i?
51
Let j(v) = 8*v**2. Let w be j(4). Suppose -y = 19989*n - 19988*n - 43, -51 = -4*y + 7*n. What is the highest common factor of w and y?
32
Suppose 4*h - 2*o - 72 = 0, 25 - 7 = 9*o. Suppose 0*i + 2*i = 68. Let p = i + 4. Calculate the greatest common divisor of h and p.
19
Let y = 11312 - 7571. What is the greatest common divisor of y and 43?
43
Let w be 8952 - (171/19 - 17). Calculate the highest common divisor of w and 35.
35
Suppose 3*h + 27 = 72. Suppose -330 = -18*u + h*u. Let g = 17 + -7. What is the greatest common divisor of g and u?
10
Let t(o) = 3*o**2 - 77 + o**3 - 18*o - 16*o**2 + 70. Let d be t(14). Let l = 7 - d. Calculate the highest common factor of l and 14.
14
Let c(z) = z**3 - z**2. Let q be c(0). Let o be (q - 2)/(2/(-91)). Let p be 25/(-10) + -16 + (-882)/(-28). Calculate the greatest common factor of p and o.
13
Let y = 216 - 132. Suppose -8 = -2*x, 5*j - 155 = -4*x + 1. What is the greatest common divisor of y and j?
28
Suppose 261*q = 265*q + 8, 0 = -3*o + 5*q - 1910. Suppose -2928 = -5*b + 2*b. Let r = b + o. Calculate the highest common divisor of 42 and r.
42
Let c be 464/(-76) - (655/95 + -7). Let t be 120/c*((-675)/(-10))/(-1). Calculate the greatest common factor of t and 50.
50
Let r = 15 - 20. Let t be r*(-3)/20*(-92)/1. Let j = t + 71. What is the highest common factor of j and 5?
1
Let j = -2910 - -3025. Calculate the greatest common divisor of 11 and j.
1
Let w = 2507 - -2098. Calculate the highest common factor of w and 75.
15
Suppose -4*b - 3*y = b - 112, 3*y - 12 = 0. Let h be (-440848)/(-18408) - (40/195)/(-4). What is the highest common factor of h and b?
4
Suppose 26*m = 4*o + 30*m, -2*m = 4*o - 2. Calculate the highest common divisor of 49 and o.
1
Suppose -33*m + 1049 = -568. Suppose -o + 10 = 5*g, g + 47 = -4*o + m. Calculate the highest common divisor of g and 31.
1
Let m(u) = 2*u**2 - 57*u + 226. Let q be m(26). Let o(s) = -s**2 - 7*s + 3. Let h be o(-7). Calculate the highest common factor of h and q.
3
Let b(y) = y**3 + 9*y**2 + 48*y + 388. Let f be b(-8). What is the greatest common divisor of 221 and f?
17
Let s be 108/189 + (-49976)/(-56). What is the greatest common factor of s and 799?
47
Let m(p) = -142*p**3 + 28*p**2 + 14*p + 4. Let u be m(-3). What is the greatest common factor of 92 and u?
92
Suppose -4*q + 5*q - 4 = 0. Suppose 36 = 3*z + d - 44, 0 = -q*z - 2*d + 104. Let p be (2 + 0)/(-14) - (-620)/z. What is the greatest common divisor of 44 and p?
22
Let f(h) = h**2 - 17*h - 170. Let s be f(0). Let g be 3 - -6 - 4 - s. What is the highest common factor of 140 and g?
35
Let f = 41 - 30. Let u(y) = y**2 - 3*y - 10. Let l be u(f). Let h be (7/(7/2))/(4/l). What is the greatest common factor of h and 52?
13
Suppose 40252 = 97*o - 10673. What is the highest common factor of 735 and o?
105
Let j(n) = -n**2 - 7*n + 10. Let t be j(8). Let h be (44/t)/(2/(-10)). Let m be -33*((-4)/(-12))/(h + -3). Calculate the greatest common factor of 11 and m.
11
Let s be (-482 + -2)/(-2) - 0. Let f(i) = -4*i - 1. Let w be f(-1). Suppose w*u = -u + 88. Calculate the highest common factor of s and u.
22
Suppose 0 = -152*n + 145*n + 1470. Suppose n + 14 = 14*t. What is the greatest common factor of t and 112?
16
Suppose 41*s - 151 = 95. Let a be 2/(-12) + 52/24. Suppose -3*c - a*c = -150. Calculate the greatest common factor of s and c.
6
Let m(v) = 2*v + 96. Let j be m(-12). Calculate the greatest common factor of 450 and j.
18
Suppose 3*z + 0*q + 4*q - 4 = 0, -12 = z - 2*q. Let n be 5/((-35)/(-273)) + 0 + z. Suppose n = 4*o - 17. What is the highest common divisor of 221 and o?
13
Suppose -2433 - 2499 = -5*b - 3*z, -2*b = -2*z - 1960. Suppose b - 236 = 3*h - 4*x, -3*h + 2*x + 758 = 0. Calculate the greatest common divisor of h and 8.
8
Let n be (6/(-32)*-4)/((-1)/4). Let p be 39/(-78) - n/(12/394). Calculate the greatest common divisor of p and 14.
14
Let j = -467 - -110. Let r = -355 - j. What is the greatest common factor of 38 and r?
2
Let b(f) = 16*f**3 + 2*f**2 + 9*f + 19. Let m be b(-2). Let u be (-5576)/m + (-12)/14. What is the greatest common factor of 414 and u?
46
Let h(n) = -n**2 + 32*n - 28. Let v be h(26). What is the highest common divisor of v and 3488?
32
Suppose 0 = -2*b - t + 148, -3*t - 75 = 2*b - 231. What is the greatest common factor of 207 and b?
9
Suppose -10*z + 16*z = 0. Let j be 58/(1 - z/3). Let m = -30 + j. What is the highest common divisor of 252 and m?
28
Let r = -4051 - -6604. What is the greatest common divisor of r and 74?
37
Suppose -5*c + 6*c - 131 = 0. Let x = -1137 + 1618. Suppose 7*q - x = -c. What is the highest common factor of q and 10?
10
Let j = -2923 + 3037. Let k = -243 + 414. Calculate the greatest common divisor of k and j.
57
Let o(d) = d**2 + 15*d - 14. Let r be o(-16). Suppose 0 = -r*a - 4*z + 116, -a + 56 = -5*z + 9*z. Calculate the highest common divisor of a and 140.
20
Let n = 21539 - 21518. Suppose 0 = w - 0*w - 56. Calculate the highest common divisor of w and n.
7
Let g(v) = -2*v**3 + 28*v**2 - 20*v + 56. Let n be g(13). Calculate the greatest common divisor of 67 and n.
67
Let b(k) = 3*k**3 + 65*k**2 - 63*k - 846. Let q be b(-22). Suppose -v + 3*v = 98. What is the greatest common divisor of v and q?
7
Let d(b) = -4*b + 4*b - 9 + 3*b + 4*b. Let s be d(11). Calculate the greatest common factor of 612 and s.
68
Let v = -3104 - -6992. What is the highest common factor of 16 and v?
16
Let l(w) = -w**3 + 9*w**2 - 2*w + 18. Let t be l(9). Suppose 0*j - 2*j + 14 = t. Calculate the greatest common divisor of j and 161.
7
Suppose 0 = -637*y + 633*y + 364. Let q(n) = n**2 + 4*n. Let p be q(-4). Suppose -4*t + 5*f - 2*f = -52, 2*f = p. What is the greatest common factor of t and y?
13
Let r be 2 + 6 - 0/1. Let y be (-4)/(r/6) + 35. Suppose l - 4*l + 869 = -5*v, 0 = 3*l - 3*v - 867. What is the greatest common divisor of y and l?
32
Let v = 514 - 584. Let x be v/(-28)*(-12)/(-15). Calculate the greatest common divisor of 5 and x.
1
Suppose 46*j = 45*j - 2*s + 26, -5*s + 130 = 5*j. Calculate the greatest common divisor of j and 4706.
26
Let l = 215 - 137. Calculate the greatest common factor of 1794 and l.
78
Let n(g) = -g**3 + 33*g**2 + 33*g - 1469. Let j be n(25). What is the greatest common factor of 36 and j?
36
Let x be (-1 - -1)/(2 - 3). Suppose 2*i - 2*o - 158 = x, -6*i - o + 173 = -4*i. Calculate the greatest common divisor of 48 and i.
12
Let o be (-3275)/(-50) + 10/4. Suppose -v + 4 + 16 = -f, -4*v + o = -f. Calculate the greatest common factor of 328 and v.
8
Let q(z) = 13 - 41*z + z**2 + 0*z**2 + 16*z - 5*z**2. Let u be q(-5). 